is the tens digit of t(i)?
6
Suppose -5*n + 7812 - 1360 = 4*u, -1300 = -n - 4*u. Suppose 0 = 3*w + 5*z - 1892, 5*w - 3*w = 2*z + n. What is the hundreds digit of w?
6
Let a = 143 - 149. Let d(y) = -22*y + 32. What is the units digit of d(a)?
4
Let x(q) be the first derivative of -q**4/2 - q**3/3 - 3*q**2/2 + q - 35. What is the units digit of x(-3)?
5
Suppose 5*y = 5*a - 129940, 3*a + 3*y = 51356 + 26656. What is the thousands digit of a?
5
Let j(r) = -r**3 + 1. Let x be j(-1). Suppose -x*i - 3640 = -12*i. What is the tens digit of i?
6
Let v(f) = 3097*f**3 - 9*f**2 + 72*f - 114. What is the thousands digit of v(2)?
4
Suppose -2*q = -2, 50772 = 4*c + 3*q - 5951. What is the hundreds digit of c?
1
Let t(l) = 26*l - 17. Let b be t(1). Let s(n) = -7*n + 85. What is the tens digit of s(b)?
2
Let t(c) = 94*c - 28. Let d = 219 + -213. What is the hundreds digit of t(d)?
5
Let b be ((-22507)/(-142))/((-1*2)/24). What is the tens digit of 6*-1*(b/12 + -8)?
9
Let v = -413 + 1445. Suppose -o + 1476 = 5*x, -3*x + 3*o = -v + 150. Suppose -4*w - 2*y = 64 - 304, 5*w = -5*y + x. What is the tens digit of w?
6
Let m(p) = 20*p**2 - 14*p - 94. Let y be m(-5). What is the units digit of y/8*(-40)/(-4)?
5
What is the thousands digit of 4377450/220 + (0 - ((-14)/(-4) - 2))?
9
Suppose 8*n - 41 + 17 = 0. Suppose 4*z - 2*y - 1678 = -0*y, -n*z + 1246 = y. Suppose -x = 3*v + 2*x - z, 0 = -3*x - 12. What is the tens digit of v?
4
Suppose f - 3*x - 1 = 0, 5*x = -2*f - 5 + 18. Let r(l) = 9*l**2 + 4*l - 27. What is the hundreds digit of r(f)?
1
Let r(a) be the third derivative of a**8/10080 + a**7/840 - 4*a**5/15 + 18*a**2. Let s(u) be the third derivative of r(u). What is the hundreds digit of s(-10)?
1
Let q(w) = -1041*w - 2170. What is the thousands digit of q(-26)?
4
Suppose -2*w + 230 = 3*k + 3*w, 0 = -2*k - 3*w + 152. Let t = k + -61. Suppose 0 = -t*a + 3*a + 354. What is the tens digit of a?
5
Let g be 3 + 3/1 - (-22 + -7). Let b(l) = -l**3 - l**2 - l - 2. Let t be b(6). What is the units digit of ((-7)/(g/t))/1?
2
Suppose 0 = 33*y - 17*y - 259344. What is the hundreds digit of y?
2
Let y(u) = u**3 - 42*u**2 - 41*u - 86. Let m be y(43). Suppose 0 = 3*d - 3*c - 2856, 3*d - 2*c - 2851 = -m*c. What is the tens digit of d?
4
Suppose -5*q = 3*k - 6662, 4*k + 17*q - 8906 = 15*q. What is the hundreds digit of k?
2
Let m(z) = -870 + 214 + 514 - 33*z + 757 + 3*z. What is the tens digit of m(0)?
1
Suppose 106594 + 10158 = 16*n. What is the hundreds digit of n?
2
Suppose 30489 + 99031 = 16*j. What is the thousands digit of j?
8
Let w(y) = -y**3 - 27*y**2 - 26*y - 7. Let s be (-6 - 4/(-5))/((-2)/(-10)). Let j be w(s). Let p(l) = -5*l - 13. What is the units digit of p(j)?
2
Suppose -15*t + 10706 + 13159 = 0. Suppose 4*l = 0, 3*l + t = 5*v - 79. What is the units digit of v?
4
Suppose -13*q + q + 11200 = -4*q. What is the thousands digit of q?
1
Suppose -12*r + 7 = -11*r. Suppose 9*c = -7 + r. Suppose -2*t + 30 + 120 = c. What is the units digit of t?
5
Suppose -12*p + 8*p = -2084. Let x = p + -368. What is the units digit of x?
3
What is the thousands digit of ((-9)/45)/(8/(-248720))?
6
Suppose 2*x = 3*j, 0 = -2*j + 4*x - 5 - 3. What is the units digit of (-19056)/(-120) - j/(-10)?
9
Suppose 5*h + 41 = 4*u, -39 = -4*u - h + 20. Let x be (3 - (-6)/(-4))/(3/184). Suppose -2*g + u = -x. What is the units digit of g?
3
Suppose 10*w + 5906 - 55186 = 0. What is the thousands digit of w?
4
Let v = 325 - 319. What is the thousands digit of ((-16)/10)/(v + (-62804)/10465)?
1
Suppose -5*f + 135875 = 4*q, 0 = f - 6*q + 4*q - 27189. What is the units digit of f?
9
Let v(u) = -u**3 - 24*u**2 + 35*u - 59. Let o(q) = -q**2 - 5*q - 12. Let y be o(-7). What is the units digit of v(y)?
3
Let l(h) = -h**2 - 17*h + 4. Let r = -63 - -46. Let n be l(r). What is the tens digit of 4/(-40)*n - 347/(-5)?
6
Let j(n) = 7*n**2 - 37*n - 17. Suppose -3*l = -12, -2*s + 5*l - 8*l = -34. What is the tens digit of j(s)?
2
Let h(d) = d**2 + 16*d + 33. Let y be h(-16). Suppose 236 = -y*g + 37*g. What is the tens digit of g?
5
What is the thousands digit of (-1 - 4) + (5 - (-232)/(-24))*-453?
2
Let m = 3310 + -693. What is the thousands digit of m?
2
Let s = 312 + -158. Let v be 38/(-6 + 640/104). Let p = v - s. What is the units digit of p?
3
Let o be -2*2/(-3)*15/10. Let l be (-76)/(4/(-36)*o). Suppose 8*s - l = 434. What is the units digit of s?
7
Let m = 10807 + -6012. What is the tens digit of m?
9
Let n be 2 - (-1 - -1 - -73). Let s = -432 - -403. Let o = s - n. What is the units digit of o?
2
Let o be 38/(-5) + 2/(-5). What is the units digit of (39*2/o)/((-1)/8)?
8
Suppose 0*z = -7*z + 35. Suppose -z*u = -4*b + 4078, -3*b + 0*b - u = -3049. What is the tens digit of b/18*(-6)/(-3)?
1
Let k(d) = -d**3 - d**2 - 3*d + 21. Let f be k(-5). What is the units digit of (666/4)/(51/f)?
4
Let i be (22/(-33))/((-4)/9810). Let u = i + -716. What is the units digit of u?
9
What is the thousands digit of (-1 + 4452)/(5/25*5)?
4
Suppose -a + 88 = a + 4*t, 4*a - 163 = 5*t. Suppose 15*h = 9*h + a. Let z(p) = -p**3 + 11*p**2 + 30. What is the hundreds digit of z(h)?
2
Let w(t) = -160*t - 204. Let k be w(-13). Suppose 3*c + 2*z = k, -5 = z - 4. What is the units digit of c?
6
Let s(n) = -n - 20. Let u be s(-22). Let x be (-1 - 2) + 68/u. Suppose -26*c = -x*c + 405. What is the tens digit of c?
8
Let d = 37 + -33. Let q be 6 - d/12*9. Suppose -5*j = -5*g - 500, -284 = -q*j - 5*g + 4*g. What is the units digit of j?
6
Suppose 72*a - 75*a - 159234 = -3*o, o - 53058 = -3*a. What is the tens digit of o?
7
Let b be 868/10 + (3/15)/1. Let f = 138 + b. What is the tens digit of f?
2
Let o = -53 + 55. Suppose h + u - 10 = -o*u, 24 = 5*h + 2*u. Suppose 5*s = -2*n + 116 + 46, 5*s - h*n = 186. What is the tens digit of s?
3
Let k = -3158 + 651. Let h = -690 - k. What is the tens digit of h?
1
Let q = -251 + 256. Suppose -4133 + 618 = -q*i. What is the hundreds digit of i?
7
Suppose -4*q - 38*t = -42*t - 32684, 4*t - 24499 = -3*q. Suppose -16*p = -12807 - q. What is the tens digit of p?
1
What is the thousands digit of (297/(-6))/(14/4144*-2)?
7
Suppose 2*g + 12 = -2*g. Let q(v) = -7*v - 9. Let m be q(g). Let l(y) = y**3 - 12*y**2 + 5*y - 18. What is the units digit of l(m)?
2
Let k be (-51)/(-4) - (-1)/4. Let v = k - -34. Let y = 166 - v. What is the hundreds digit of y?
1
Let y be (-1)/(-2)*-2*59. Suppose 4*k + f + 31 = -50, 5*k = f - 90. Let r = k - y. What is the units digit of r?
0
What is the ten thousands digit of -3 - 31920*-2 - 24?
6
Let n(o) = -3044*o - 782. What is the tens digit of n(-4)?
9
Let b(l) = 4*l - 13. Let g be b(4). Suppose -6*v = -4*a - 3*v - 15, g*a = 2*v - 10. Suppose -2*t = x + 6, -4 = -4*x - t - a. What is the units digit of x?
2
Let y = -29390 - -45292. What is the hundreds digit of y?
9
Let r(j) = j**3 - 8*j**2 + 10*j - 3. Let o = 251 + -243. What is the tens digit of r(o)?
7
Let w(u) = 635*u**2 + 321*u - 1971. What is the tens digit of w(6)?
1
Let h(p) = -19*p**2 + 167*p - 316. Let z be h(2). Suppose 5*b = -680 + 140. Let v = z - b. What is the units digit of v?
0
Suppose -5*s = 0, -2*k + 5*k - 5*s - 12459 = 0. Suppose k = 11*v - 445. What is the units digit of v?
8
Suppose -13*t + 6*t + 28 = 0. Suppose j + 7 = t*r + 42, -5*j = r - 70. What is the tens digit of 10/j - (-3 + (-732)/9)?
8
Let q(n) = 116*n - 109. What is the hundreds digit of q(10)?
0
Let i = -134 - -133. What is the tens digit of 9/(-6)*146*i + -3?
1
Suppose -462*d = -456*d - 13872. What is the hundreds digit of d?
3
Suppose -4*q + 72861 = 284*o - 281*o, 2*q + 3*o - 36417 = 0. What is the thousands digit of q?
8
Let w = -243 - -245. What is the hundreds digit of (-11 - -12)/(w - (-1938)/(-970))?
4
Suppose 13163 = 43*o - 39*o + 5*v, -3*o = 4*v - 9871. What is the hundreds digit of o?
2
Suppose 0 = -5*q + 4*n + 187736, 115*q - n - 112643 = 112*q. What is the hundreds digit of q?
5
Suppose 0 = 548*j - 103*j - 9668064 - 5717811. What is the thousands digit of j?
4
Let h(n) = -376*n + 517. What is the tens digit of h(-21)?
1
Suppose -g + 3*p - 1020 = 0, 4*g + 5110 = -g + 5*p. What is the hundreds digit of g*(-6 - -5) + 8?
0
Suppose 0 = 2*b + 27 - 191. Suppose -b*u = -83*u + 413. What is the tens digit of u?
1
Suppose -10*t = 5*t - 255. Let y be